{"id":7,"date":"2009-08-11T02:29:04","date_gmt":"2009-08-10T23:29:04","guid":{"rendered":"http:\/\/www.kehitystutkimus.fi\/?page_id=7"},"modified":"2025-10-10T18:28:36","modified_gmt":"2025-10-10T15:28:36","slug":"etusivu","status":"publish","type":"page","link":"https:\/\/www.kehitystutkimus.fi\/","title":{"rendered":"Kehitystutkimuksen seura \/ FSDR"},"content":{"rendered":"<p style=\"text-align: center;\"><strong><em>The Finnish Society for Development Research (FSDR) is a multidisciplinary scientific association that provides a platform and network for researchers, students, and practitioners with an interest in development studies and issues, particularly those concerning the \u201cglobal South\u201d. Established on 12 February 1986, FSDR aims to advance development research,\u00a0 education, and communication in Finland and internationally.<\/em><\/strong><\/p>\r\n<p style=\"text-align: center;\"><strong>****<\/strong><\/p>\r\n<p><strong>Suomen kehitystutkimuksen seura<\/strong> on kaikille kehityksen kysymyksist\u00e4 kiinnostuneille avoin tieteellinen seura. Seura toimii linkkin\u00e4 tutkijoiden, opiskelijoiden, tutkimuslaitosten ja korkeakoulujen v\u00e4lill\u00e4 sek\u00e4 edist\u00e4\u00e4 monitieteist\u00e4 kehitystutkimusta ja vuorovaikutusta alan eri toimijoiden kesken. Seuralla on yli 150 j\u00e4sent\u00e4, joiden joukossa on alan keskeisi\u00e4 vaikuttajia Suomessa.<\/p>\r\n<p>Kehitystutkimuksen seura julkaisee tieteellisi\u00e4 julkaisuja, tiedottaa alan tapahtumista sek\u00e4 j\u00e4rjest\u00e4\u00e4 seminaareja ja konferensseja. Seura j\u00e4rjest\u00e4\u00e4 kerran vuodessa kehitystutkimuksen konferenssin (Development Days Conference), joka on alan merkitt\u00e4v\u00e4 tapahtuma Suomessa. <strong>Seuraava konferenssi j\u00e4rjestet\u00e4\u00e4n 26.\u201327.2.2026<\/strong> teemalla <strong><a href=\"https:\/\/www.kehitystutkimus.fi\/conference\/\">&#8220;Development in Ruins, Hope in the Cracks: A Time for Reckoning, Reclaiming, and Reawakening&#8221;<\/a>.<\/strong><\/p>\r\n<p><a href=\"https:\/\/www.kehitystutkimus.fi\/conference\/\"><img loading=\"lazy\" decoding=\"async\" class=\"alignright size-full wp-image-2138\" src=\"http:\/\/www.kehitystutkimus.fi\/wp-content\/uploads\/2025\/10\/DevDays2026-banner.png\" alt=\"\" width=\"851\" height=\"315\" srcset=\"https:\/\/www.kehitystutkimus.fi\/wp-content\/uploads\/2025\/10\/DevDays2026-banner.png 851w, https:\/\/www.kehitystutkimus.fi\/wp-content\/uploads\/2025\/10\/DevDays2026-banner-300x111.png 300w, https:\/\/www.kehitystutkimus.fi\/wp-content\/uploads\/2025\/10\/DevDays2026-banner-768x284.png 768w\" sizes=\"auto, (max-width: 851px) 100vw, 851px\" \/><\/a><\/p>\r\n<p>&nbsp;<\/p>\r\n<p><!--:--><\/p>\r\n\r\n\r\n\r\n\r\n\r\n<h2 class=\"wp-block-heading\">\u00a0<\/h2>\r\n<h2>See the latest news in our <a href=\"http:\/\/www.kehitystutkimus.fi\/?page_id=727\">blog<\/a>:<\/h2>\r\n\r\n\r\n<ul class=\"wp-block-latest-posts__list has-dates wp-block-latest-posts\"><li><a class=\"wp-block-latest-posts__post-title\" href=\"https:\/\/www.kehitystutkimus.fi\/?p=2254\">In Memoriam: Lauri Siitonen<\/a><time datetime=\"2026-04-15T18:14:08+03:00\" class=\"wp-block-latest-posts__post-date\">15\/04\/2026<\/time><\/li>\n<li><a class=\"wp-block-latest-posts__post-title\" href=\"https:\/\/www.kehitystutkimus.fi\/?p=2248\">Deglobalization Ascendant<\/a><time datetime=\"2026-03-31T12:01:52+03:00\" class=\"wp-block-latest-posts__post-date\">31\/03\/2026<\/time><\/li>\n<li><a class=\"wp-block-latest-posts__post-title\" href=\"https:\/\/www.kehitystutkimus.fi\/?p=2227\">In Defense of Good Development<\/a><time datetime=\"2026-03-03T17:00:49+02:00\" class=\"wp-block-latest-posts__post-date\">03\/03\/2026<\/time><\/li>\n<li><a class=\"wp-block-latest-posts__post-title\" href=\"https:\/\/www.kehitystutkimus.fi\/?p=2207\">Redefining Sustainability through Justice, Peace, and Planetary Well-being<\/a><time datetime=\"2026-02-02T17:00:50+02:00\" class=\"wp-block-latest-posts__post-date\">02\/02\/2026<\/time><\/li>\n<li><a class=\"wp-block-latest-posts__post-title\" href=\"https:\/\/www.kehitystutkimus.fi\/?p=2193\">Season&#8217;s Greetings 2025<\/a><time datetime=\"2025-12-12T12:00:11+02:00\" class=\"wp-block-latest-posts__post-date\">12\/12\/2025<\/time><\/li>\n<\/ul>\r\n\r\n\r\n<p>&nbsp;<\/p>\r\n","protected":false},"excerpt":{"rendered":"<p>The Finnish Society for Development Research (FSDR) is a multidisciplinary scientific association that provides a platform and network for researchers, students, and practitioners with an interest in development studies and issues, particularly those concerning the \u201cglobal South\u201d. Established on 12 February 1986, FSDR aims to advance development research,\u00a0 education, and communication in Finland and internationally. &hellip;<\/p>\n<p class=\"read-more\"> <a class=\"\" href=\"https:\/\/www.kehitystutkimus.fi\/\"> <span class=\"screen-reader-text\">Kehitystutkimuksen seura \/ FSDR<\/span> Read More &raquo;<\/a><\/p>\n","protected":false},"author":1,"featured_media":0,"parent":0,"menu_order":0,"comment_status":"closed","ping_status":"closed","template":"","meta":{"footnotes":""},"class_list":["post-7","page","type-page","status-publish","hentry"],"_links":{"self":[{"href":"https:\/\/www.kehitystutkimus.fi\/index.php?rest_route=\/wp\/v2\/pages\/7","targetHints":{"allow":["GET"]}}],"collection":[{"href":"https:\/\/www.kehitystutkimus.fi\/index.php?rest_route=\/wp\/v2\/pages"}],"about":[{"href":"https:\/\/www.kehitystutkimus.fi\/index.php?rest_route=\/wp\/v2\/types\/page"}],"author":[{"embeddable":true,"href":"https:\/\/www.kehitystutkimus.fi\/index.php?rest_route=\/wp\/v2\/users\/1"}],"replies":[{"embeddable":true,"href":"https:\/\/www.kehitystutkimus.fi\/index.php?rest_route=%2Fwp%2Fv2%2Fcomments&post=7"}],"version-history":[{"count":72,"href":"https:\/\/www.kehitystutkimus.fi\/index.php?rest_route=\/wp\/v2\/pages\/7\/revisions"}],"predecessor-version":[{"id":2163,"href":"https:\/\/www.kehitystutkimus.fi\/index.php?rest_route=\/wp\/v2\/pages\/7\/revisions\/2163"}],"wp:attachment":[{"href":"https:\/\/www.kehitystutkimus.fi\/index.php?rest_route=%2Fwp%2Fv2%2Fmedia&parent=7"}],"curies":[{"name":"wp","href":"https:\/\/api.w.org\/{rel}","templated":true}]}}