{"id":84,"date":"2009-08-13T13:48:38","date_gmt":"2009-08-13T10:48:38","guid":{"rendered":"http:\/\/www.kehitystutkimus.fi\/?page_id=84"},"modified":"2025-10-31T20:20:06","modified_gmt":"2025-10-31T18:20:06","slug":"konferenssi","status":"publish","type":"page","link":"https:\/\/www.kehitystutkimus.fi\/?page_id=84","title":{"rendered":"Kehitystutkimuksen p\u00e4iv\u00e4t \/ Development Days"},"content":{"rendered":"\r\n<p>Suomen kehitystutkimuksen seura j\u00e4rjest\u00e4\u00e4 vuosittain kansainv\u00e4lisen konferenssin, joka keskittyy ajankohtaisiin kehityskysymyksiin. Konferenssit ovat keskeisimpi\u00e4 kehitystutkimusta harjoittavien ihmisten ja yhteis\u00f6jen kohtaamispaikkoja Suomessa. Seura tekee my\u00f6s yhteisty\u00f6t\u00e4 Pohjoismaisten sisarseurojensa kanssa.<\/p>\r\n<p>The Finnish Society for Development Research organises an annual &#8216;Development Days&#8217; conference that covers topical development issues. The conference is one of the most important annual meeting points for development researchers in Finland, and it cooperates with other Nordic development research societies.<\/p>\r\n<p>Seuraava konferenssi \/ Next conference:<\/p>\r\n<p><a href=\"https:\/\/www.kehitystutkimus.fi\/conference\/\"><strong>2026 Development in Ruins, Hope in the Cracks: A Time for Reckoning, Reclaiming, and Reawakening <\/strong><\/a>(26.-27.2.2026)<\/p>\r\n<p><a href=\"https:\/\/www.kehitystutkimus.fi\/conference\/\"><img loading=\"lazy\" decoding=\"async\" class=\"alignleft wp-image-2145 size-full\" src=\"http:\/\/www.kehitystutkimus.fi\/wp-content\/uploads\/2025\/10\/DevDays2026-banner-1.png\" alt=\"\" width=\"851\" height=\"315\" srcset=\"https:\/\/www.kehitystutkimus.fi\/wp-content\/uploads\/2025\/10\/DevDays2026-banner-1.png 851w, https:\/\/www.kehitystutkimus.fi\/wp-content\/uploads\/2025\/10\/DevDays2026-banner-1-300x111.png 300w, https:\/\/www.kehitystutkimus.fi\/wp-content\/uploads\/2025\/10\/DevDays2026-banner-1-768x284.png 768w\" sizes=\"auto, (max-width: 851px) 100vw, 851px\" \/><\/a><\/p>\r\n<p>*P\u00e4\u00e4puhujat \/ keynote speakers: <a href=\"https:\/\/waldenbello.org\/\">Walden Bello<\/a> (State University of New York at Binghamton) and <a href=\"https:\/\/www.robtelneajaipailey.com\/\">Robtel Neajai Pailey<\/a> (London School of Economics and Political Science)<\/p>\r\n<p>Edelliset konferenssit \/ Previous conferences:<\/p>\r\n<p><a href=\"https:\/\/youtube.com\/playlist?list=PLbjidPMU6Z_Hhtlq1H1sWY-LiK7TPn2rK&amp;si=VWkQxn1OIWxzB-Yi\"><strong>2025 Development Transitions: Amidst Waste, Wars, and Maldevelopment <\/strong><\/a>(27.-28.2.2025)<\/p>\r\n<p><a href=\"https:\/\/youtube.com\/playlist?list=PLbjidPMU6Z_Hhtlq1H1sWY-LiK7TPn2rK&amp;si=tgCuX7AUfwLzVwyv\"><img loading=\"lazy\" decoding=\"async\" class=\"alignnone wp-image-1998 size-full\" src=\"http:\/\/www.kehitystutkimus.fi\/wp-content\/uploads\/2024\/09\/DevDays2025draft1_banner-1.png\" alt=\"\" width=\"851\" height=\"315\" srcset=\"https:\/\/www.kehitystutkimus.fi\/wp-content\/uploads\/2024\/09\/DevDays2025draft1_banner-1.png 851w, https:\/\/www.kehitystutkimus.fi\/wp-content\/uploads\/2024\/09\/DevDays2025draft1_banner-1-300x111.png 300w, https:\/\/www.kehitystutkimus.fi\/wp-content\/uploads\/2024\/09\/DevDays2025draft1_banner-1-768x284.png 768w\" sizes=\"auto, (max-width: 851px) 100vw, 851px\" \/><\/a><\/p>\r\n<p>*P\u00e4\u00e4puhujat \/ keynote speakers: <a href=\"https:\/\/youtu.be\/6D8f_QzwfDM?si=HOV5JTF5RTa4Sitr\">Ali Kadri<\/a> (Sun Yat-sen University),\u00a0<a href=\"https:\/\/www.youtube.com\/watch?v=KRuAL7qgxxw&amp;list=PLbjidPMU6Z_Hhtlq1H1sWY-LiK7TPn2rK&amp;index=3\">Manuela Picq<\/a> (2024 ISA-IPE Outstanding Activist Scholar), <a href=\"https:\/\/www.youtube.com\/watch?v=YeHIfeBjcEM&amp;list=PLbjidPMU6Z_Hhtlq1H1sWY-LiK7TPn2rK&amp;index=4\">Alina Sajed<\/a> (McMaster University)<\/p>\r\n<p><a href=\"https:\/\/youtube.com\/playlist?list=PLbjidPMU6Z_GP2NMVeaQ5XeAyCXYyGGSV&amp;si=UqT9MpJ7--CB212V\"><strong>2024 Crises and Futures of\/in Development<\/strong><\/a> (15.-16.2.2024)<\/p>\r\n<p><a href=\"https:\/\/youtube.com\/playlist?list=PLbjidPMU6Z_GP2NMVeaQ5XeAyCXYyGGSV&amp;si=TRnofUWWhYQ6ZUgM\"><img loading=\"lazy\" decoding=\"async\" class=\"alignleft wp-image-1828 size-full\" src=\"http:\/\/www.kehitystutkimus.fi\/wp-content\/uploads\/2023\/10\/DevDays-banner-poster.png\" alt=\"\" width=\"940\" height=\"364\" srcset=\"https:\/\/www.kehitystutkimus.fi\/wp-content\/uploads\/2023\/10\/DevDays-banner-poster.png 940w, https:\/\/www.kehitystutkimus.fi\/wp-content\/uploads\/2023\/10\/DevDays-banner-poster-300x116.png 300w, https:\/\/www.kehitystutkimus.fi\/wp-content\/uploads\/2023\/10\/DevDays-banner-poster-768x297.png 768w\" sizes=\"auto, (max-width: 940px) 100vw, 940px\" \/><\/a><\/p>\r\n<p>*P\u00e4\u00e4puhujat \/ keynote speakers: <a href=\"https:\/\/peri.umass.edu\/economists\/jayatighosh\">Jayati Gosh<\/a> (University of Massachusetts Amherst),<a href=\"https:\/\/www.facebook.com\/HelsinkiSus\"> Barry Gills<\/a> (University of Helsinki), <a href=\"https:\/\/alfredosaadfilho.org\/about\/\">Alfredo Saad-Filho<\/a> (King&#8217;s College London)<\/p>\r\n<p><strong>2023 Conflicts and Development Revisited \u2014 Prospects for Peace in Times of Emergency<\/strong> (16-17.2.2023)<\/p>\r\n<p>J\u00e4rj. Kehitystutkimuksen seura ja <a href=\"https:\/\/www.unipid.fi\/\" target=\"_blank\" rel=\"noopener noreferrer\">UniPID<\/a><\/p>\r\n<p>*P\u00e4\u00e4puhujat: Swati Parashar (Gothenburg University), Tor A. Benjaminsen (the Norwegian University of Life Sciences), Andreas Bieler (University of Nottingham)<\/p>\r\n<p><strong>2022 Infrastructures, Technologies, and Vulnerabilities in Global Development<\/strong>\u00a0(16.-18.2.2022)<\/p>\r\n<p>J\u00e4rj. Kehitystutkimuksen seura<\/p>\r\n<p>*P\u00e4\u00e4puhujat:\u00a0<a href=\"https:\/\/www.youtube.com\/watch?v=elO6A8ZhXi8\">Tania Li<\/a>\u00a0(University of Toronto),\u00a0<a href=\"https:\/\/www.youtube.com\/watch?v=C4fENQrAxyg\">Timothy Oakes<\/a> (University of Colorado Boulder) ja Nikhil Anand (University of Pennsylvania).<\/p>\r\n<p><strong>2021 COVID-19 Pandemic and Development Research: Ways Forward?<\/strong> (12.2.2021)<\/p>\r\n<p>J\u00e4rj. Kehitystutkimuksen seura<\/p>\r\n<p>* P\u00e4\u00e4paneeli: Barry Gills (Helsingin yliopisto), Bonn Juego (Jyv\u00e4skyl\u00e4n yliopisto), Tiina Kontinen (Jyv\u00e4skyl\u00e4n yliopisto) ja Elina Oinas (Helsingin yliopisto).<\/p>\r\n<p><strong>2020 Inequality Revisited: In Search of Novel Perspectives on an Enduring Problem<\/strong> (26.-28.2.2020)<\/p>\r\n<p>J\u00e4rj. Kehitystutkimuksen seura<br \/>* P\u00e4\u00e4puhujat: <a href=\"https:\/\/researchers.anu.edu.au\/researchers\/mahanty-s\" target=\"_blank\" rel=\"noopener noreferrer\">Sango Mahanty<\/a> (The Australian National University, Australia)\u00a0 ja <a href=\"http:\/\/siid.group.shef.ac.uk\/team\/prof-dan-brockington\/\" target=\"_blank\" rel=\"noopener noreferrer\">Dan Brockington<\/a> (Sheffieldin yliopisto, UK).<\/p>\r\n<p><strong>2019 Repositioning global development: changing actors, geographies and ontologies <\/strong>(27.2.-1.3.2019)<\/p>\r\n\r\n\r\n\r\n\r\n\r\n\r\n\r\n<div class=\"wp-block-media-text alignwide\" style=\"grid-template-columns: 49% auto;\">\r\n<figure class=\"wp-block-media-text__media\"><img loading=\"lazy\" decoding=\"async\" width=\"1024\" height=\"1016\" class=\"wp-image-1481\" src=\"http:\/\/www.kehitystutkimus.fi\/wp-content\/uploads\/2019\/03\/ONO00284-1024x1016.jpg\" alt=\"\" srcset=\"https:\/\/www.kehitystutkimus.fi\/wp-content\/uploads\/2019\/03\/ONO00284-1024x1016.jpg 1024w, https:\/\/www.kehitystutkimus.fi\/wp-content\/uploads\/2019\/03\/ONO00284-150x150.jpg 150w, https:\/\/www.kehitystutkimus.fi\/wp-content\/uploads\/2019\/03\/ONO00284-300x298.jpg 300w, https:\/\/www.kehitystutkimus.fi\/wp-content\/uploads\/2019\/03\/ONO00284-768x762.jpg 768w\" sizes=\"auto, (max-width: 1024px) 100vw, 1024px\" \/><\/figure>\r\n<div class=\"wp-block-media-text__content\">\r\n<p>Development Days 2019 was held on 27.2-1.3.2019 in House of Science and Letters (Tieteiden talo), Helsinki, Finland. See the conference&#8217;s <a href=\"http:\/\/www.kehitystutkimus.fi\/wp-content\/uploads\/2019\/03\/Book-of-Abstracts-Development-Days-2019-conference.pdf\">Book of Abstracts<\/a> here.<\/p>\r\n\r\n\r\n\r\n<p>Keynote speakers Giles Mohan, Ashish Kothari and Rosalba Icaza Garza.<\/p>\r\n\r\n\r\n\r\n<p>Photos by Henri Onodera.<\/p>\r\n<\/div>\r\n<\/div>\r\n\r\n\r\n\r\n<p>Among some of the most pressing global problems today are: i) the widening social inequalities within and between countries; ii) environmental pollution, ecological crises and conflicts over land and other resources; iii) migration, and the rise of extremism and populism; and iv) technological change contributing to increased risks to personal security and safety. While these issues are of complex origins, they are linked to globalization and the dominant global development model, in which corporate and individualistic interests stand above social and environmental ones, and logics, values and interests of Western countries stand above those of other countries. The magnitude of the crises linked to these global problems have led some academics, and some politicians to rethink their political and economic strategies and agendas.<\/p>\r\n\r\n\r\n\r\n<p>At the same time, recent years have witnessed simultaneous trends of weakening of established global economic and political leadership on the one hand, and the emergence of new economic powers on the other. This has led to the ascent of new actors in the global development arena, most notably China, India and Brazil. They and many others are rapidly emerging from what the conventional economic model had labelled as \u2018disadvantaged\u2019 parts of the world, and are increasingly playing a key role in development processes worldwide. The crossroads at which humanity stands today requires a shift in development logics and paradigm. In this conference, we will discuss alternative development strategies and the role of emerging actors in development across multiple scales. Contributions from various disciplines, including human geography, environmental politics, development studies, sociology and institutional economics are called upon to discuss themes and questions, such as:<\/p>\r\n\r\n\r\n\r\n<p>1. To what extent do global power shifts entail possibilities for more democratic\u2014or conversely, more authoritarian\u2014global governance?<\/p>\r\n\r\n\r\n\r\n<p>2. What are the potentials of development and cooperation programmes in which problems and solutions emerge from geographical, societal, and gender-based margins?<\/p>\r\n\r\n\r\n\r\n<p>3. Can we expect more socially and environmentally just, equality-laden and economically viable futures in the context of shifting geographies of development?<\/p>\r\n\r\n\r\n\r\n<p>The conference will serve as a platform to share research findings and experiences, as well as to develop new ideas and strategies for shifting development narratives and agendas, for reconnecting actors from different scales, and critically examining and redefining the meanings and logics of development. We welcome development scholars from a plurality of disciplines and critical theories, as well as practitioners from a broad range of professional backgrounds to explore ways to engage in progressive debates of building bridges between actors, scales, movements and societies at multiple levels and beyond global-local binaries.<\/p>\r\n<figure class=\"wp-block-image alignwide\"><img loading=\"lazy\" decoding=\"async\" class=\"alignleft wp-image-1476\" src=\"http:\/\/www.kehitystutkimus.fi\/wp-content\/uploads\/2019\/03\/DSC_7286-1024x575.jpg\" alt=\"\" width=\"259\" height=\"145\" srcset=\"https:\/\/www.kehitystutkimus.fi\/wp-content\/uploads\/2019\/03\/DSC_7286-1024x575.jpg 1024w, https:\/\/www.kehitystutkimus.fi\/wp-content\/uploads\/2019\/03\/DSC_7286-300x168.jpg 300w, https:\/\/www.kehitystutkimus.fi\/wp-content\/uploads\/2019\/03\/DSC_7286-768x431.jpg 768w\" sizes=\"auto, (max-width: 259px) 100vw, 259px\" \/>\r\n<figcaption><\/figcaption>\r\n<\/figure>\r\n\r\n\r\n\r\n<p>The working groups address a range of themes including decoloniality, transformations in social movements, social organisations, research and education, to name a few. In addition to working groups, the conference includes Master and Doctoral\u00a0<a href=\"http:\/\/www.kehitystutkimus.fi\/conference\/workshops\">workshops<\/a>, as well as a civil society event; offering a variety of opportunities for you to engage and present your research, to learn about other research in the field, and to strengthen your network.<\/p>\r\n\r\n\r\n\r\n<div class=\"wp-block-media-text alignwide has-media-on-the-right\" style=\"grid-template-columns: auto 69%;\">\r\n<figure class=\"wp-block-media-text__media\"><img loading=\"lazy\" decoding=\"async\" width=\"1024\" height=\"576\" class=\"wp-image-1482\" src=\"http:\/\/www.kehitystutkimus.fi\/wp-content\/uploads\/2019\/03\/ONO00108-1024x576.jpg\" alt=\"\" srcset=\"https:\/\/www.kehitystutkimus.fi\/wp-content\/uploads\/2019\/03\/ONO00108-1024x576.jpg 1024w, https:\/\/www.kehitystutkimus.fi\/wp-content\/uploads\/2019\/03\/ONO00108-300x169.jpg 300w, https:\/\/www.kehitystutkimus.fi\/wp-content\/uploads\/2019\/03\/ONO00108-768x432.jpg 768w\" sizes=\"auto, (max-width: 1024px) 100vw, 1024px\" \/><\/figure>\r\n<div class=\"wp-block-media-text__content\">\r\n<p>More information can be found on the conference website:<a href=\"http:\/\/www.kehitystutkimus.fi\/conference\/\">\u00a0Repositioning global development: changing actors, geographies and ontologies.<\/a><\/p>\r\n<\/div>\r\n<\/div>\r\n\r\n\r\n\r\n<p>&nbsp;<\/p>\r\n<p><strong>2018 The Politics of Sustainability: Re-thinking resources, values and justice<\/strong> (15.-16.2.2018)<\/p>\r\n<p>J\u00e4rj. Kehitystutkimuksen seura<\/p>\r\n<p>*P\u00e4\u00e4puhujat:\u00a0Jesse Ribot (University of Illinois), Sian Sullivan (Bath Spa\u00a0University<em>)\u00a0<\/em>and\u00a0Jun Borras (Erasmus University Rotterdam).<\/p>\r\n<p><span style=\"font-weight: 400;\">While sustainability has become a central leitmotif in present day development discourse, the term itself remains highly problematic and contested. Recent developments such as the outcomes following the US elections, government budget cuts, austerity and the ongoing crisis in the Eurozone, as well as the global Agenda 2030 all raise the question to what extent the current sustainability debate actually addresses fundamental political concerns of social, environmental and ecological justice. Politicizing the concept of sustainability implies opening up critical debate on its content and practice in order to reveal its inherent elements of power relations and political contestations. The perennial question remains: can environmental, social and economic sustainability be made truly compatible, as suggested for example by the Agenda 2030; or are these different dimensions of sustainability rather profoundly antagonistic, as the current pace of resource extraction suggests? These competing views are largely determined by conceptions of \u201ccost effectiveness\u201d and \u201cefficiency\u201d, as seen in monetary valuation, percentage targets, indicators and results-based management promulgated by governments and business. Critically inquiring into the question hence requires going beyond more common analyses of the (political) economy of development and its imperatives, and tackling the deep-seated values and valuations underlying and transforming our understandings of resource use and governance as sustainable.<\/span><\/p>\r\n<p><span style=\"font-weight: 400;\">The 2018 conference examined the politics of sustainability by foregrounding values and moral choices implied by different pathways and current transformations. The participants aimed develop a more articulated analysis between discussions on sustainability \u2013 the on-going, problematic and highly uneven processes of <\/span>extractivism, environmental change, migration, <span style=\"font-weight: 400;\">and<\/span> social differentiation<span style=\"font-weight: 400;\"> \u2013 and their consequences for social, environmental, and ecological justice. Topics of discussion were for example how alternatives are worked out in different contexts, networks and coalitions. For instance, what role do reporting mechanisms, indicators and measuring systems play in the politics of sustainability \u2013 whether linked to poverty, gender, or climate and environment? What do they reveal or obscure and what kinds of change do they promote? How would our value systems need to change in the future?<\/span><\/p>\r\n<p><strong>2017 Authoritarianism and Development\u00a0<\/strong>(16.-17.2.2017)<\/p>\r\n<p>J\u00e4rj. Kehitystutkimuksen seura<\/p>\r\n<p>*P\u00e4\u00e4puhujat: Boris Kagarlitsky ja Susanne Dahlgren<\/p>\r\n<p><strong>2016\u00a0Making alternatives visible: Resisting and reshaping the mainstream\u00a0<\/strong>(11.-12.2.2016)<\/p>\r\n<p>J\u00e4rj. Kehitystutkimuksen seura<\/p>\r\n<p>*P\u00e4\u00e4puhuja:\u00a0Neera Chandhoke<\/p>\r\n<p><!--:--><\/p>\r\n\r\n<figure class=\"wp-block-embed-youtube wp-block-embed is-type-video is-provider-youtube wp-embed-aspect-16-9 wp-has-aspect-ratio\">\r\n<div class=\"wp-block-embed__wrapper\">https:\/\/www.youtube.com\/watch?v=y0FnSyLddoI<\/div>\r\n<figcaption><br \/>Professor Neera Chandhoke delivers her keynote speech titled as \u201cRealising justice\u201d at the Development Research Day 2016 in Helsinki, February 2016. Video &amp; editing: Mikael Kanerva.<\/figcaption>\r\n<\/figure>\r\n\r\n\r\n\r\n<p><strong>2015 Rethinking Responsibility in Development:\u00a0Contested Relations between Citizens, States and Corporations<\/strong> (12-13.2.2015)<\/p>\r\n\r\n\r\n\r\n<p>J\u00e4rj. Kehitystutkimuksen seura, Politiikan ja talouden tutkimuksen laitos (Helsingin Yliopisto), LYY Institute (It\u00e4-Suomen yliopisto), University of Helsinki Global South Network (HUGS), University Partnership for International Development (UniPID).<\/p>\r\n\r\n\r\n\r\n<p>* P\u00e4\u00e4puhujat:\u00a0Dinah Rajak ja Bernadetta Killian<\/p>\r\n\r\n\r\n\r\n<p><strong>2014 Inclusion\/Exclusions? Communities, Identities and Value Systems Reconsidered <\/strong>(12.2.2014)<\/p>\r\n\r\n\r\n\r\n<p>J\u00e4rj. Kehitystutkimuksen seura, Politiikan ja talouden tutkimuksen laitos (Helsingin Yliopisto), Youth and Political Engagement in Contemporary Africa -hanke, University of Helsinki Global South Network (HUGS), University Partnership for International Development (UniPID).<\/p>\r\n\r\n\r\n\r\n<p>* P\u00e4\u00e4puhujat: Barry Gills (Helsingin Yliopisto) ja Claudia Mitchell (McGill University, Kanada\/Kwa-Zulu Natal, Etel\u00e4-Afrikka)<\/p>\r\n\r\n\r\n\r\n<p><strong>2013 Knowing development &#8211; Developing Knowledge? <\/strong>(14.-15.11.2013)<\/p>\r\n\r\n\r\n\r\n<p>J\u00e4rj. Kehitystutkimuksen seura,\u00a0\u00a0The Association of Development Researchers in Denmark,\u00a0The Norwegian Association for Development Research,\u00a0The Finnish University Partnership for International Development, UniPID,\u00a0Aalto-Yliopisto, KEPA, Helsingin yliopisto Kehitystutkimuksen oppiaine, Kehitystutkimuksen tohtorikoulu DEVESTU<\/p>\r\n\r\n\r\n\r\n<p>* P\u00e4\u00e4puhujat:\u00a0Ritva Vainikka (Maailmanpankki) ja professori David Mosse (SOAS, University of London, Iso-Britannia), Alice Ndidde (Makerere University, Uganda), Robert Chambers (IDS, University of Sussex, Iso-Britannia), G\u00f6ran Hyd\u00e9n (University of Florida, USA) ja Lisa Ann Richey (Roskilde University, Tanska).<\/p>\r\n\r\n\r\n\r\n<p><strong>2013 Civil Society and Development<\/strong> (8.2.2013)<\/p>\r\n\r\n\r\n\r\n<p>J\u00e4rj. KEPA, University of Helsinki Global South Network (HUGS), It\u00e4-Suomen Yliopiston LYY-instituutti, Jyv\u00e4skyl\u00e4n yliopisto, Development and International Cooperation -maisteriohjelma ja Helsingin Yliopisto, Kehitystutkimuksen oppiaine.<\/p>\r\n\r\n\r\n\r\n<p>* P\u00e4\u00e4puhujat: Henning Melber (Dag Hammarskj\u00f6ld Foundation), Sisay Alemahu (\u00c5bo Akademi) ja Mahdi Abdile (Kirkon Ulkomaanapu)<\/p>\r\n\r\n\r\n\r\n<p><strong>2012 Citizenship Transformations in a Global World <\/strong>(11.-12.2.2012)<\/p>\r\n\r\n\r\n\r\n<p>J\u00e4rj. Kehitystutkimuksen seura, UniPID, Nuorisotutkimusverkosto, Helsinki University Global South-verkosto ja Politiikan ja Talouden Tutkimuslaitos (Helsingin yliopisto).<br \/>* P\u00e4\u00e4puhujat: <a href=\"http:\/\/www.coas.howard.edu\/politicalscience\/hatem\/index.html\" target=\"_blank\" rel=\"noreferrer noopener\">Mervat Hatem <\/a>(Howardin yliopisto, USA), <a href=\"http:\/\/blogs.helsinki.fi\/teivaine\/\" target=\"_blank\" rel=\"noreferrer noopener\">Teivo Teivainen <\/a>(Helsingin yliopisto), <a href=\"http:\/\/www.socanth.cam.ac.uk\/people\/core-academic-staff\/sian-lazar\/\" target=\"_blank\" rel=\"noreferrer noopener\">Sian Lazar <\/a>(Cambridge, Iso-Britannia), <a href=\"http:\/\/www.youthstudies.eu\/network\/lleida\/\" target=\"_blank\" rel=\"noreferrer noopener\">Carles Feixa <\/a>(Lleidan yliopisto, Espanja) ja <a href=\"http:\/\/www.uclouvain.be\/geoffrey.pleyers\" target=\"_blank\" rel=\"noreferrer noopener\">Geoffrey Pleyers <\/a>(Louvainin yliopisto, Belgia).<\/p>\r\n\r\n\r\n\r\n<p><strong>2011 Reframing Sustainability? Climate Change and North-South Dynamics<\/strong> (10.-11.2.2011)<\/p>\r\n\r\n\r\n\r\n<p>J\u00e4rj. Kehitystutkimuksen Seura, UniPID, Politiikan ja Talouden Tutkimuslaitos (Helsingin yliopisto), Suomen Ymp\u00e4rist\u00f6keskus, Kehitysyhteisty\u00f6n Palvelukeskus, Siemenpuu S\u00e4\u00e4ti\u00f6 ja International Union for Conservation of Nature (IUCN).<br \/>* P\u00e4\u00e4puhujat: <a href=\"http:\/\/www.snre.umich.edu\/profile\/arunagra\" target=\"_blank\" rel=\"noreferrer noopener\">Arun Agrawal<\/a> (Michiganin yliopisto, USA), <a href=\"http:\/\/www.focusweb.org\/content\/focus-staff\" target=\"_blank\" rel=\"noreferrer noopener\">Shalmali Guttal <\/a>(Focus on the Global South, Thailand), <a href=\"http:\/\/www.forestsclimatechange.org\/kanninen.html\" target=\"_blank\" rel=\"noreferrer noopener\">Markku Kanninen <\/a>(Helsingin yliopisto), Ren\u00e9 Orellana (Bolivia) ja <a href=\"http:\/\/www.helsinki.fi\/geography\/Petri_Pellikka_eng.html\" target=\"_blank\" rel=\"noreferrer noopener\">Petri Pellikka<\/a> (Helsingin yliopisto).<\/p>\r\n\r\n\r\n\r\n<p><strong>2010 Crises, Conflicts and Development: Multifaceted Perspectives to Security<\/strong> (11.-12.2.2010)<\/p>\r\n\r\n\r\n\r\n<p>J\u00e4rj. Kehitystutkimuksen Seura, UniPID, Kriisinhallintakeskus (CMC Finland) ja Kehitysmaatutkimuksen laitos (HY).<br \/>* P\u00e4\u00e4puhujat: <a href=\"http:\/\/users.polisci.wisc.edu\/tripp\/\" target=\"_blank\" rel=\"noreferrer noopener\">Aili Tripp <\/a>(Wisconsinin yliopisto, Madison, USA), <a href=\"http:\/\/www.wfu.edu\/politics\/browers.html\" target=\"_blank\" rel=\"noreferrer noopener\">Michaelle Browers <\/a>(Wake Forestin yliopisto, USA), <a href=\"http:\/\/www.wider.unu.edu\/aboutus\/Former-staff\/n-z\/en_GB\/naude-wim\/\" target=\"_blank\" rel=\"noreferrer noopener\">Wim Naud\u00e9<\/a> (UNU WIDER) ja Elnour Abdalla Elsiddig (Khartoumin yliopisto, Sudan).<\/p>\r\n\r\n\r\n\r\n<p><strong>2009 Knowledge, Development and Academic Partnerships <\/strong>(19.-21.2.2009)<\/p>\r\n\r\n\r\n\r\n<p>J\u00e4rj. Kehitystutkimuksen seura ja UniPID (<a href=\"http:\/\/www.kehitystutkimus.fi\/?page_id=92\">blogi<\/a>)<br \/>* P\u00e4\u00e4puhujat: <a href=\"http:\/\/www.unza.zm\/index.php?option=com_content&amp;task=view&amp;id=24&amp;Itemid=38\" target=\"_blank\" rel=\"noreferrer noopener\">Stephen Simukanga<\/a> (Sambian yliopisto, Sambia), Luis Tapia (San Andr\u00e9sin yliopisto, Bolivia), Seppo H\u00f6ltt\u00e4 (Tampereen yliopisto), <a href=\"http:\/\/www.utoronto.ca\/ai\/southeast-asia\/faculty\/li\/\" target=\"_blank\" rel=\"noreferrer noopener\">Tania Li<\/a> (Toronton yliopisto, Kanada) ja <a href=\"http:\/\/dpp.open.ac.uk\/people\/mohan.htm\" target=\"_blank\" rel=\"noreferrer noopener\">Giles Mohan<\/a> (Open University, Iso-Britannia)<\/p>\r\n\r\n\r\n\r\n<p><strong>2008 Development, Justice and Governance: New Challenges in the Global South<\/strong> (24.-25.4.2008)<\/p>\r\n\r\n\r\n\r\n<p>J\u00e4rj. Kehitystutkimuksen seura, Kehitysmaatutkimuksen laitos (HY) ja EADI.<br \/>* P\u00e4\u00e4puhujat: <a href=\"http:\/\/www.sed.manchester.ac.uk\/idpm\/staff\/barrientos_stephanie.htm\" target=\"_blank\" rel=\"noreferrer noopener\">Stephanie Barrientos<\/a> (Manchesterin yliopisto, Iso-Britannia),\u00a0<a href=\"http:\/\/www.kcl.ac.uk\/schools\/sspp\/geography\/people\/acad\/demeritt\" target=\"_blank\" rel=\"noreferrer noopener\">David Demeritt<\/a> (Lontoon yliopisto, Iso-Britannia) ja <a href=\"http:\/\/www.wilsoncenter.org\/index.cfm?topic_id=1417&amp;fuseaction=topics.profile&amp;person_id=196382\" target=\"_blank\" rel=\"noreferrer noopener\">Severine Rugumamu<\/a> (Dar es Salaamin yliopisto, Tansania).<\/p>\r\n\r\n\r\n\r\n<p><strong>2007 Development Studies: Landscapes and Horizons<\/strong> (16.-17.2.2007)<\/p>\r\n\r\n\r\n\r\n<p>J\u00e4rj. Kehitysmaatutkimuksen laitos (HY) (<a href=\"http:\/\/www.valt.helsinki.fi\/blogs\/cfdr\/\" target=\"_blank\" rel=\"noreferrer noopener\">www<\/a>)<br \/>* P\u00e4\u00e4puhujat: <a href=\"http:\/\/en.wikipedia.org\/wiki\/Terence_Ranger\" target=\"_blank\" rel=\"noreferrer noopener\">Terence Ranger <\/a>(Oxfordin yliopisto, Iso-Britannia) ja <a href=\"http:\/\/centre-norbert-elias.ehess.fr\/document.php?id=83\" target=\"_blank\" rel=\"noreferrer noopener\">Jean-Pierre Olivier de Sardan <\/a>(l&#8217;Ecole des Hautes Etudes en Sciences, Ranska).<\/p>\r\n","protected":false},"excerpt":{"rendered":"<p>Suomen kehitystutkimuksen seura j\u00e4rjest\u00e4\u00e4 vuosittain kansainv\u00e4lisen konferenssin, joka keskittyy ajankohtaisiin kehityskysymyksiin. Konferenssit ovat keskeisimpi\u00e4 kehitystutkimusta harjoittavien ihmisten ja yhteis\u00f6jen kohtaamispaikkoja Suomessa. Seura tekee my\u00f6s yhteisty\u00f6t\u00e4 Pohjoismaisten sisarseurojensa kanssa. The Finnish Society for Development Research organises an annual &#8216;Development Days&#8217; conference that covers topical development issues. The conference is one of the most important annual meeting &hellip;<\/p>\n<p class=\"read-more\"> <a class=\"\" href=\"https:\/\/www.kehitystutkimus.fi\/?page_id=84\"> <span class=\"screen-reader-text\">Kehitystutkimuksen p\u00e4iv\u00e4t \/ Development Days<\/span> Read More &raquo;<\/a><\/p>\n","protected":false},"author":1,"featured_media":0,"parent":27,"menu_order":1,"comment_status":"closed","ping_status":"closed","template":"","meta":{"footnotes":""},"class_list":["post-84","page","type-page","status-publish","hentry"],"_links":{"self":[{"href":"https:\/\/www.kehitystutkimus.fi\/index.php?rest_route=\/wp\/v2\/pages\/84","targetHints":{"allow":["GET"]}}],"collection":[{"href":"https:\/\/www.kehitystutkimus.fi\/index.php?rest_route=\/wp\/v2\/pages"}],"about":[{"href":"https:\/\/www.kehitystutkimus.fi\/index.php?rest_route=\/wp\/v2\/types\/page"}],"author":[{"embeddable":true,"href":"https:\/\/www.kehitystutkimus.fi\/index.php?rest_route=\/wp\/v2\/users\/1"}],"replies":[{"embeddable":true,"href":"https:\/\/www.kehitystutkimus.fi\/index.php?rest_route=%2Fwp%2Fv2%2Fcomments&post=84"}],"version-history":[{"count":97,"href":"https:\/\/www.kehitystutkimus.fi\/index.php?rest_route=\/wp\/v2\/pages\/84\/revisions"}],"predecessor-version":[{"id":2171,"href":"https:\/\/www.kehitystutkimus.fi\/index.php?rest_route=\/wp\/v2\/pages\/84\/revisions\/2171"}],"up":[{"embeddable":true,"href":"https:\/\/www.kehitystutkimus.fi\/index.php?rest_route=\/wp\/v2\/pages\/27"}],"wp:attachment":[{"href":"https:\/\/www.kehitystutkimus.fi\/index.php?rest_route=%2Fwp%2Fv2%2Fmedia&parent=84"}],"curies":[{"name":"wp","href":"https:\/\/api.w.org\/{rel}","templated":true}]}}